13
Suppose 2*n - 3 = k - 0, k = -3*n - 3. Suppose 5*q - 112 + 17 = n. What is the remainder when 113 is divided by q?
18
Let u = -5 - -162. What is the remainder when u is divided by 20?
17
Let b = 78 - 52. Suppose -5*f - 5*x = -45, -3*x + 1 = -4*x. What is the remainder when b is divided by f?
6
Suppose 83*r + 204 = 86*r. What is the remainder when 130 is divided by r?
62
Suppose -2*p = 0, 94 = -h + 4*p + 110. Calculate the remainder when 102 is divided by h.
6
Let f(u) = -8*u**3 - 9*u**2 - 17*u - 37. What is the remainder when f(-3) is divided by 19?
16
Let j(f) = -f - 5. What is the remainder when (7 - -4)/(2/6) - 0 is divided by j(-15)?
3
Let s(t) = -t**3 - 45*t**2 + 148*t + 252. What is the remainder when s(-48) is divided by 53?
7
Suppose -3*k + k - 4*n + 64 = 0, -4*n = 0. Let w = -23 + k. Let h(t) = t**2 + t + 1. Calculate the remainder when w is divided by h(-2).
0
Let w(i) = 2*i - 7. Let g be w(6). Let b be ((-10)/(-10))/(1/g). Suppose b*t = 28 + 27. Calculate the remainder when t is divided by 7.
4
Let q(t) = 538*t**2 + 214*t - 213. Calculate the remainder when q(1) is divided by 17.
12
Let i = 1312 + -1275. What is the remainder when 117 is divided by i?
6
Let b = 54 + -97. Let p = b - -58. Calculate the remainder when 74 is divided by p.
14
Suppose 5*t - t - 5*d = 13, -9 = -3*d. Calculate the remainder when (-16)/56 + (-424)/(-14) is divided by t.
2
Let k(q) = q**2 - 10*q + 1. Let a be k(9). What is the remainder when (-15)/(-2)*a/(-3) is divided by 3/((-18)/(-33))*(-4)/(-2)?
9
Let r(n) = -4*n + 5. Let q be r(-1). Calculate the remainder when 47 is divided by q/2*(-42)/(-9).
5
Let s = -87 + 31. Let d be ((-1)/(-4))/((-7)/s). Suppose 4*n - 16 = d*a, 0*n = 2*n + 3*a - 24. Calculate the remainder when 10 is divided by n.
4
Let o(l) = -l**3 + 12*l**2 + 13*l + 3. What is the remainder when 191 is divided by o(13)?
2
Suppose -4*t + 12 = 2*f - 0, -3*f + 18 = 5*t. Let h(q) = -4*q + 37. What is the remainder when 33 is divided by h(f)?
7
Let h(s) = s**3 - 5*s**2 - 24*s + 81. Calculate the remainder when h(11) is divided by 17.
16
Let d be (-4)/(-10)*1*10. Suppose 0*j - d*j = -4. What is the remainder when 39 is divided by 3*(9 + j + -3)?
18
Suppose -8 = 16*m - 12*m. What is the remainder when 115 + 2 + 1 + m is divided by 39?
38
Suppose 775 = 7*l - 2046. Let x = -232 + l. What is the remainder when x is divided by 25?
21
Suppose 11*o - 6*o - 15 = 0. Suppose o*n = 6*n - 123. What is the remainder when n is divided by (14/(-4))/((-1)/6)?
20
Suppose -20*j = -2*r - 15*j + 164, -2*j + 410 = 5*r. What is the remainder when r is divided by 24?
10
Suppose 42*x = 47*x - 715. What is the remainder when x is divided by 12?
11
Let f be ((-8)/(-10))/((-6)/(-195)). Suppose -5*d + 6*d - f = 0. What is the remainder when 101 is divided by d?
23
Let g = -51 + 127. Let c = g - 30. Suppose -v = 3*v + 16, -3*y + 32 = v. Calculate the remainder when c is divided by y.
10
Suppose 8*a = -39*a + 752. Calculate the remainder when 465 is divided by a.
1
Suppose -5*v - 4*n = -n - 131, -3*n = 3*v - 81. What is the remainder when 598 is divided by v?
23
Let c(h) = 11*h. Let w = -5 + 10. Suppose -4*r = -w*n + 26, n - 30 = -4*n + 5*r. Calculate the remainder when 86 is divided by c(n).
20
Let q(f) = 3*f**2 - 1. Suppose i - 2*i - 71 = -3*r, -3*i = -2*r + 59. Calculate the remainder when q(-6) is divided by r.
19
Suppose 2*x + 0*x - 315 = y, -4*y = -20. Let t be (x/(-30))/((-2)/9). Let v = t + -15. What is the remainder when 24 is divided by v?
6
Let g = 386 - 228. Calculate the remainder when 628 is divided by g.
154
Let n = -72 + 84. What is the remainder when 90 is divided by n?
6
Let r = -9 + 12. Suppose z - 4*n = 103, 0 = -4*z + r*n - 128 + 605. What is the remainder when z is divided by (1/3)/((-4)/(-372))?
30
Let r be (-88)/(-20) - (-6)/10. Suppose 5*g - r*b = 3*g - 3, 3*b - 48 = -3*g. What is the remainder when 41 is divided by g?
8
Let a be (-1)/(-2)*0/9. Suppose a = -5*i + 26 - 1. Suppose 2*y - i*n + 11 = y, 15 = 3*n. What is the remainder when 41 is divided by y?
13
Let m(g) = 2*g**2 - 8*g + 17. Let u be m(4). Let k(n) = -n**2 + 17*n + 38. What is the remainder when 111 is divided by k(u)?
35
Let k = 136 - 92. Calculate the remainder when k is divided by 25.
19
Let b = -3 + 10. Let n(c) = 7*c - 10. What is the remainder when n(b) is divided by (-5)/(45/(-6))*15?
9
Let u be 1 - ((-8)/20)/(3/(-420)). Let w = u - -87. What is the remainder when w is divided by 20?
12
Let o be (0 - 0)/(7 - 10). Suppose o = -3*g - 0*m + 4*m + 132, -5*g + 5*m = -215. What is the remainder when 159 is divided by g?
39
Suppose 5*z = -4*s + 447, 2 = -3*z - 1. Let d = -63 + s. What is the remainder when d is divided by (1/((-1)/(-1)))/((-9)/(-117))?
11
Suppose 0 = -2*a + 4 - 20. Let k = 14 + a. Calculate the remainder when 23 is divided by k.
5
Suppose 0 = -x + 5*k - 36, -2*x - 3*x + 3*k = 70. Let f(g) = -2*g + 14. Let u be f(x). Suppose -8*b + 4*b = -u. What is the remainder when 32 is divided by b?
5
Let t = 377 - 320. What is the remainder when t is divided by 33?
24
Let y be ((2 - 2) + -1)*8. Let z be (-1 + (y - 1))/1. What is the remainder when 40 is divided by 4/z + (-72)/(-5)?
12
Suppose -2*n = -4*n + 68. What is the remainder when n is divided by (-86)/(-4) + 4/(-8)?
13
Let t(u) be the first derivative of u**3/3 - 3*u**2/2 - 4*u + 6. Let p be t(-4). Let d = p - 9. What is the remainder when 28 is divided by d?
13
Suppose -6*s + 1 = 7. Let t be 2 + (1 - (-4)/(-2)). What is the remainder when 3 is divided by t + (-1 + s)*-1?
0
Suppose 5*u - 2 = 2*i, 6*i - u = i + 41. Calculate the remainder when 50 is divided by i.
5
Let y(s) = -s - 16. Let p be y(-8). Let w be 6/8*p/(-3). Suppose 3*d - 2*d - w*n = 41, 3*d - 5*n = 125. Calculate the remainder when d is divided by 12.
9
Suppose h - 72 = -3*h. Let c = 17 + h. Let u = -160 - -228. What is the remainder when u is divided by c?
33
Suppose 4*w + 45 = 9*w. Calculate the remainder when 28 is divided by w.
1
Let m(q) = -q**2 + 7*q - 1. Let c be m(7). Let g = c + 14. Calculate the remainder when 49 is divided by g.
10
Let o = 19 - 14. Calculate the remainder when 7/(-28) + 195/12 is divided by o.
1
Let i = -191 + 611. Calculate the remainder when i is divided by 140.
0
Suppose -l - l + 6 = 0. Let b = -119 + 124. Let r = b - l. Calculate the remainder when 6 is divided by r.
0
Let w(x) = x**3 - 13*x**2 + 3*x + 8. Let h(j) = j**3 + 1. Let n(v) = 2*h(v) - w(v). Let m = 7 - -5. Calculate the remainder when n(-13) is divided by m.
9
Suppose -4*l = 5*x - 181, 41 = 3*l - x - 109. Calculate the remainder when 82 is divided by l/4 + 2/(-8).
10
Let i(o) be the second derivative of -o**3/2 - 6*o**2 - 12*o. Calculate the remainder when 25 is divided by i(-9).
10
Suppose 2*z = a - 19, -3*a + 41 = 3*z - 5*z. Let r(g) = -g + 32. What is the remainder when r(a) is divided by ((-27)/(-12))/(3/8)?
3
Suppose -84*f + 80*f = -184. What is the remainder when f is divided by -3 - (1 - 2) - -21?
8
Suppose -2*x - 3*n + 6*n = -147, -n = -2*x + 141. What is the remainder when 481 is divided by x?
67
Suppose 0*i - 4*i = 0. Suppose i = 34*w - 39*w + 230. Calculate the remainder when w is divided by 25.
21
Let k = 24 - 22. Suppose -4*b = -5*w + b + 750, -k*w + 4*b + 310 = 0. Calculate the remainder when w is divided by 37.
34
Let l be 2*20/(-8) + 3 + 30. Calculate the remainder when 10 is divided by (-1 - -6)*l/35.
2
Let g(q) = q + 8. Suppose -4*d + 2*d = 8. Let b be g(d). Suppose b*p = 6*k - 2*k - 96, 3*k + 3*p = 90. Calculate the remainder when k is divided by 6.
3
Suppose 125 = -2*i + 7*i. Calculate the remainder when (11/(-5) + 0)/((-40)/2200) is divided by i.
21
Let m be -5 - 738/(-24) - 1/(-4). Suppose 4*z = -h + m, -2*h + 0*h = 2*z - 40. Calculate the remainder when 34 is divided by h.
16
Let k = 9 - -14. Suppose -2*r = k + 13. Calculate the remainder when -2 + r*8/(-4) is divided by 18.
16
Let c(n) = -n + 7. Let f be c(4). Suppose 0 = f*y - 22 - 122. Let r = y - 29. Calculate the remainder when 54 is divided by r.
16
Let l be 1/5 - 474/(-30). Suppose 3*t + t = l. Suppose -3*d - t*q + 34 = 0, -5*d = 2*q - 0*q - 38. What is the remainder when d is divided by 4?
2
Let x(r) = 2*r**2 - 8*r + 25. Let t(g) = g**2 + 2*g - 6. Calculate the remainder when x(5) is divid